l - 6 = 0, -l + 104 = 4*a + l. Suppose r + a = 250. Suppose -5*x + 119 = 2*s, -s + 2*s = x - 28. What is the greatest common divisor of r and x?
25
Suppose -8*g - 360 = -14*g. Calculate the greatest common factor of 180 and g.
60
Let z be 309*(5 + 56/(-12))*8. What is the greatest common divisor of z and 103?
103
Let w(c) = -2*c + 4. Let m be w(-3). Let t = -349 - -429. What is the highest common factor of m and t?
10
Suppose n + 3*n + 35 = 5*i, 3*n = -3*i - 6. Suppose -k = i*w - 1028, 25 = w + 4*k - 303. Calculate the greatest common divisor of w and 43.
43
Let i be (-4)/(-22) + (-328)/(-11). Calculate the highest common divisor of 12 and i.
6
Let w be (-4)/(4/(-5)) + -2. Suppose 5*x = -5*h + 10, 0*x + 2*x - 19 = w*h. Suppose x*y - 594 = -y. Calculate the highest common divisor of 11 and y.
11
Let y(h) = -h**2 - 9*h - 16. Let q be y(-6). Suppose 3*i - 2*i - q = 0. What is the greatest common divisor of 16 and i?
2
Let o be 2 + 0 + (3 - -1). Suppose -180 = -9*i + 4*i. Let n be (i/(-20))/((-6)/20). Calculate the greatest common divisor of n and o.
6
Let w(x) = 118*x - 812. Let q be w(8). Let r be (-2)/(-7) - 164/(-14). What is the greatest common divisor of r and q?
12
Let o(y) = 3*y - 5. Let g be o(3). Let w be (13 + 3)*18/g. What is the highest common divisor of 24 and w?
24
Let j = -37 + 100. What is the highest common factor of 252 and j?
63
Let g(c) = 7*c**3 + c - 1. Suppose 3*p + 2 = 5*p. Let t be g(p). What is the greatest common divisor of t and 14?
7
Let f(x) = -2*x - 3. Suppose 0 = -2*w - 13 + 3. Let o be f(w). Suppose -3*k + 4*g = g - 159, 2*k + g - 94 = 0. What is the greatest common factor of o and k?
7
Let a(v) = v**3 + 5*v**2 + 4*v. Let l be a(-4). Suppose -2*z + 2*n + 87 = -n, -5*z + 4*n + 228 = l. Calculate the highest common divisor of 32 and z.
16
Let r = -474 - -656. Calculate the highest common factor of r and 104.
26
Let s(y) = -10*y + 5. Let z be s(-8). Let q(u) = 2*u**3 + 4*u**2 + 2. Let k be q(2). Calculate the greatest common divisor of k and z.
17
Suppose -5*x = -3*w + 2652, -w + 884 = -x + 6*x. What is the greatest common divisor of 68 and w?
68
Let c = 220 + -482. Let r = c + 386. Calculate the greatest common divisor of 31 and r.
31
Suppose 3831 = 3*v + 354. What is the highest common divisor of v and 19?
19
Let z(k) = -2*k**3 + k**2 - 22*k + 2. Let n be z(-5). Calculate the highest common factor of 18 and n.
9
Suppose 3*k = 4*u - 55, -2*u + 8*k - 10*k + 24 = 0. Suppose -6 = -2*b, -2*b = 3*p - 27 - 18. What is the greatest common divisor of u and p?
13
Suppose 0 = a - 5*y - 1282, 999 = 3*a + 4*y - 2809. Calculate the greatest common divisor of 24 and a.
24
Let l(x) = -41*x - 176. Let k be l(-8). Calculate the highest common divisor of k and 342.
38
Suppose 7 + 5 = -3*f. Let p = 6 - f. Let n = 408 + -383. What is the greatest common divisor of p and n?
5
Suppose -8*m + 38 = -9*m. Let t = 22 - m. What is the greatest common divisor of t and 150?
30
Let p = -9 + 13. Let o be 16 + -1*(p - 6). What is the highest common divisor of 72 and o?
18
Let x(l) be the first derivative of l**4/4 - 16*l**3/3 + 15*l**2/2 + 5*l - 7. Let h be x(15). Let f = -17 - -32. What is the greatest common divisor of h and f?
5
Suppose -26*c = -5*c - 315. What is the greatest common factor of c and 335?
5
Suppose -5*y = -y - 24. Let a be (-299)/78 + (-1)/y. Let w be 66/9 + a/(-6). What is the greatest common divisor of w and 8?
8
Let o be 5/(10/8) - 0. Let t be (132/8)/(3/o). Let x = 161 - 95. Calculate the highest common divisor of t and x.
22
Let p(b) = b**2. Let f be p(-1). Let w be (2/(-3))/((-6)/36). Suppose -h - 4*i = h + 10, 5*h + w*i + 7 = 0. Calculate the highest common factor of f and h.
1
Let p(j) = -2*j**2 + 39*j - 52. Let w be p(16). What is the greatest common factor of w and 270?
30
Let b be 5/(50/60)*(-1 - -4). Calculate the greatest common factor of b and 144.
18
Let p = -567 + 641. Calculate the greatest common factor of 1702 and p.
74
Let z be -3*(2 + -4) + -3. Suppose -4*k = -2*k - z*d + 13, -k = 3*d - 16. Suppose 4*p - 89 = -k. What is the highest common factor of 66 and p?
22
Let r = 173 - 166. Calculate the greatest common factor of 448 and r.
7
Suppose 0 = y + 2*h - 75, 195 = 3*y - 4*h. Calculate the greatest common factor of y and 2001.
69
Let y(t) = -38*t + 10. Let z be y(-6). Calculate the highest common factor of z and 34.
34
Let m = -728 + 780. What is the highest common factor of m and 39?
13
Suppose -152 = -0*h - 4*h. Let j = h - 34. What is the greatest common divisor of 32 and j?
4
Let h be (-2)/(-1) - 2 - (-13 - 13). What is the highest common divisor of 117 and h?
13
Let f = 597 - 274. Calculate the highest common factor of 17 and f.
17
Suppose -3*z + 2*z + 37 = 3*v, -3*v = -5*z - 67. Let d = 32 - v. Let n(a) = -a**2 - 4*a + 7. Let j be n(-5). Calculate the greatest common factor of j and d.
2
Suppose 5*m - 240 = -3*d, 4*d = -5*m - 0*d + 245. Let t = -1131 + 1136. What is the highest common divisor of t and m?
5
Suppose 298 = 2*j - 4*f, 89 = -2*j - 5*f + 405. Calculate the greatest common divisor of j and 85.
17
Let t = 55 - 33. Let v be -4 - 18/(-2) - -173. Let p be 4/(-2 + v/88). What is the highest common factor of t and p?
22
Suppose -4*o - 4*n = -156, -o - 4*n + 196 = 4*o. What is the highest common divisor of o and 260?
20
Suppose 69*x - 64*x - 1120 = 0. Calculate the highest common factor of 14 and x.
14
Let x be (1095/(-10))/(2/(-12)). Calculate the highest common factor of 146 and x.
73
Let k(b) = 5*b + 2 - 4*b - 2*b + 5*b. Let h be k(4). Let m be h - (-1)/((-3)/9). What is the highest common divisor of m and 15?
15
Suppose 2*z - 856 = 6*n - 5*n, z = 3*n + 423. What is the highest common divisor of z and 13?
13
Let i be ((-27)/(-4))/(10/200). Calculate the highest common factor of i and 315.
45
Let y(n) = 7*n**2 + 9*n - 36. Let c be y(4). What is the highest common divisor of c and 84?
28
Let m = 33 + -2. Let f = m + -26. Calculate the highest common divisor of f and 20.
5
Suppose 84 = -2*x + 5*n, -2*x - n - 12 = 84. Let f(u) = -4*u**2 - 2*u + 5. Let w be f(-6). Let b = x - w. Calculate the highest common divisor of 16 and b.
16
Suppose 3*u - 3*s + 9 = 0, 5*s - 25 = -9*u + 4*u. Let m = -9 - -16. What is the highest common factor of u and m?
1
Suppose 162*t = 160*t + 160. Suppose 5*x = -0*x + 160. Calculate the greatest common divisor of x and t.
16
Suppose -3*i + 7 - 42 = -2*o, -o + 5 = i. What is the highest common divisor of o and 20?
10
Let u be -10*(44/(-8) - -3). Let n = -21 + u. Calculate the greatest common divisor of n and 4.
4
Let j = -389 + 391. Calculate the greatest common divisor of 8 and j.
2
Let w(z) = z**2 + 2*z + 6. Let i be w(-6). Calculate the highest common factor of i and 30.
30
Let s be (-4 + 2)*(-124)/24*3. Calculate the greatest common divisor of s and 31.
31
Suppose 37*g - 171 = 18*g. What is the highest common divisor of 177 and g?
3
Let b(i) = 10*i - 77. Let f be b(8). Suppose -4*t + 21 + 15 = 0. What is the greatest common divisor of f and t?
3
Suppose 0 = -7*b + 782 - 292. What is the greatest common divisor of 50 and b?
10
Suppose -3*j + 4*w = -3170, 4*j - 4*w + 0*w = 4220. Suppose 3*g - j = -4*g. What is the greatest common factor of 100 and g?
50
Let v(c) = -4*c**2 + 5*c - 1. Let p be v(2). Let g be (-62)/(-4) + (-1)/(-2). Let u = p + g. What is the highest common divisor of 54 and u?
9
Let g(k) = -k**2 + 9*k - 7. Let d be g(6). Let u(n) = n**2 + 7*n - 19. Let j be u(3). What is the greatest common factor of j and d?
11
Let n(w) = w**3 - 2*w**2 + 19*w + 2. Let i be n(6). Calculate the greatest common divisor of i and 1690.
130
Suppose -3*w + 4*a = 8*a - 20, 3*a - 21 = -3*w. Let j(l) = -9*l - 17. Let p be j(-9). What is the highest common divisor of p and w?
8
Let l = 21 + 12. Let r be 22/l*12*5. Let b be (-1 - 6/(-2)) + 98. Calculate the greatest common factor of r and b.
20
Suppose -2*r = 10, -4*i - 16 - 5 = 5*r. Suppose 3*c - 9 = -0. Suppose c*a = 5*x - 32, -2*x - 1 + 13 = -2*a. Calculate the highest common factor of i and x.
1
Let d be 44/33*(-18)/(-4). Let z be (d/9)/((-1)/(-198)). What is the greatest common factor of z and 22?
22
Suppose 8844 = -10*y + 43*y. What is the highest common divisor of y and 67?
67
Let m be (-5 + 6)*0/1. Suppose 2*l = 4 - m. Suppose